 259 and x.
37
Let l(a) = -5*a**2 - 2*a + 14. Let j be l(5). Let p = j + 521. Calculate the highest common divisor of p and 150.
50
Let q(i) = 6 + 0*i**2 - 2*i - i**2 + 2*i**2. Let j be q(4). Let m be ((-8)/3)/((1/(-15))/(16170/15400)). Calculate the greatest common factor of m and j.
14
Suppose 0 = -2528*v + 2556*v - 840. Suppose 0 = 3*n + 4*m + 11, 3*n - 2*m + 5*m + 6 = 0. Suppose c = -n*c + 300. What is the highest common divisor of c and v?
15
Let s = 369 - 816. Let m = s + 497. Calculate the greatest common factor of m and 30.
10
Let y = -21 - -85. Suppose -31*h + 29*h = -11*h + 2016. Calculate the greatest common factor of h and y.
32
Suppose -d - 207 = -540. Suppose d = 7*y - 542. Calculate the greatest common factor of 25 and y.
25
Suppose -58*p + 110040 = 46*p + 16*p. What is the highest common divisor of p and 21?
7
Let b be 10/10*1*1/(-1). Let w(q) = -29*q**3 + q - 1. Let p be w(b). What is the greatest common factor of 9 and p?
9
Let x be 0 - -3 - (0 - 4) - 4. Suppose 4*q + q + 19 = 2*o, 3*o = -q + x. Suppose 2*b = -y - o, 8 = b - 5*b. Calculate the greatest common factor of y and 16.
2
Suppose 4*q - 33 + 533 = 0. Let r = 957 + q. Calculate the greatest common divisor of r and 52.
52
Let o be 54/126 - 260/(-14). Suppose o*h - 35*h = -3024. Let b(t) = -t**3 - 5*t**2 - 6*t - 3. Let u be b(-5). What is the greatest common factor of h and u?
27
Let x = 8822 - 7189. Calculate the highest common divisor of x and 23.
23
Let b be 411/15 - 3*5/(-25). What is the greatest common divisor of 28 and b?
28
Suppose 2146 = -2373*h + 2419*h - 154. What is the highest common factor of 29650 and h?
50
Suppose -2*f - 2 = 2, 4*f = -3*k + 25. Let s(q) = -q + 38. Suppose 14*g = g + 481. Let u be s(g). What is the highest common divisor of k and u?
1
Let k(d) = d**3 + 10*d**2 + 2*d + 15. Let z be k(-9). Suppose 72*s = z*s - 24. Calculate the highest common factor of 20 and s.
4
Let i be (-4 + (-33)/(-6))*512/(-24). Suppose -3*z + 7*z - 132 = 0. Let w = z + i. What is the highest common factor of w and 5?
1
Let n be (11 - 675/63) + (-205616)/(-56). Calculate the highest common divisor of 72 and n.
72
Let p(m) = 515*m**2 - 38*m + 51. Let d be p(3). What is the highest common factor of d and 252?
36
Suppose -21110 = 163*j - 166*j + 2*f, -4*f = -20. What is the highest common factor of 22 and j?
22
Suppose -4*u = -4*t - u - 63, -5*u = 5*t + 105. Let o be t/(3*4/(-32)). What is the highest common divisor of o and 64?
16
Let y = -2275 - -2968. What is the greatest common divisor of 22 and y?
11
Let d(s) be the third derivative of -19*s**2 + 0*s + 0 + 1/60*s**5 + 22/3*s**3 + 2/3*s**4. Let t be d(-13). What is the greatest common factor of 40 and t?
5
Let z(t) = 18*t**2 - 253*t + 26. Let a be z(14). What is the greatest common divisor of 380 and a?
4
Suppose 4*l - 1920 = j - 0*j, 3*l - 2*j = 1440. What is the greatest common factor of l and 384?
96
Let n be -1*52/((-4)/4). Let g(b) = 173*b + 53. Let u be g(3). What is the highest common factor of u and n?
52
Suppose 0*b - 5*b + 660 = -b. Calculate the highest common divisor of 870 and b.
15
Suppose -l + 3 = 2. Suppose 5*z + l = 3*f + 2, 0 = -4*f - 2*z + 42. Let q(o) = -o + 64. Let r be q(0). Calculate the greatest common divisor of f and r.
8
Suppose 0 = 6*x - 2*x - 88. Suppose 20*r = 36 + 4. Calculate the highest common factor of x and r.
2
Suppose -2*u + 3*r + 3 = -u, 5*u = -3*r + 51. Let j = 2 + u. Let y(i) = 6*i**2 - 22*i + 42. Let k be y(2). Calculate the highest common factor of k and j.
11
Let b(c) = 3*c**2 + 7*c + 7. Suppose -6*q = 4*q - 10. Let g be q + 0 + -11 + (-4 - -6). Let f be b(g). What is the greatest common divisor of 13 and f?
13
Suppose 66 = -2*g + 3*g. Suppose 2*d - 4*q - q = -48, -2*d + 2*q = 48. Let w = d + g. Calculate the greatest common divisor of w and 28.
14
Let a(z) = 2*z**3 - 223*z**2 - 317*z - 377. Let i be a(113). Calculate the highest common factor of 777 and i.
111
Let k be 10 + ((-3)/(-2))/((-13)/26). Let h = -6 + 13. What is the greatest common factor of k and h?
7
Suppose 2*g - 39122 = -11*p + 7*p, 4*g - 19570 = -2*p. What is the greatest common divisor of p and 127?
127
Suppose -25*b + 29*b = 36. Let z(q) = -4*q + 8 - 8*q - q**2 - b - 11. Let n be z(-10). Calculate the greatest common factor of 88 and n.
8
Suppose 11*r - 108859 = 50773. Calculate the greatest common factor of 8 and r.
8
Let r(k) = -k**3 + 23*k**2 + 93*k - 93. Let c be r(26). What is the greatest common divisor of 6039 and c?
99
Suppose 5*j = -4*r - 1185 + 2975, 3*r = -j + 358. Suppose 15*t - j - 167 = 0. What is the greatest common divisor of 35 and t?
35
Suppose 4 = 2*x + 6, 2*x = n - 35. Suppose 4*b - 9 = -4*l - b, -3*b - n = -4*l. Let j be l/(-36) - (-229)/6. What is the greatest common factor of 19 and j?
19
Suppose 2*t = c - 26, -3*c - t + 8 = -56. Suppose -90 = -5*d - 25*h + c*h, 15 = -3*h. Calculate the highest common divisor of 3 and d.
3
Let q be -2*2*(-110)/(-8). Let a = -45 - q. Suppose -15*m + 25 = -a*m. What is the greatest common divisor of m and 1?
1
Let f(w) = 94*w - 6533. Let d be f(71). Calculate the highest common factor of d and 219.
3
Let g = 90 - 82. Let d be (-196)/(-2) - (g + -1). What is the greatest common factor of d and 7?
7
Let z be 6/((-1)/3*-1). Let u = z - 3. Let c(x) = -252*x - 1851. Let w be c(-8). What is the highest common divisor of u and w?
15
Let l(q) = 149*q**2 + 105*q - 292. Let f be l(3). Calculate the highest common factor of 121 and f.
11
Let i be 68 + (-4 - -1 - -2). Suppose -i*z = -69*z + 80. Calculate the greatest common factor of 10 and z.
10
Let n(y) = 4*y - 24. Let u be n(10). Let s = u - 16. Suppose 2*c - 4*t - 96 = 0, 5*t + 240 = -s*c + 5*c. Calculate the greatest common factor of 12 and c.
12
Suppose -5*t = 5*x - 50, -3*x = -22 - 2. Calculate the greatest common divisor of t and 1051.
1
Let b(i) = 66*i - 295. Let u be b(9). Let c = -227 + u. Calculate the greatest common divisor of 45 and c.
9
Suppose 0*k - 38 - 613 = -21*k. Calculate the greatest common factor of k and 1643.
31
Suppose 75151 + 115071 + 62058 = 424*m. What is the highest common divisor of m and 49?
7
Let b(q) = -q**3 + 8*q**2 - 10*q - 7. Let m be b(6). Suppose 1773 = m*g - 1167. Suppose -26*v + g = -22*v. What is the highest common divisor of v and 21?
21
Suppose -581*d = -569*d - 2100. Calculate the greatest common divisor of 85 and d.
5
Suppose 1725 - 724 = 15*j + 596. Calculate the greatest common divisor of 60 and j.
3
Let q be ((-136)/(-102))/(7/1092). Calculate the highest common factor of 80 and q.
16
Suppose -3*g = -t + 55 - 43, 3*t = 3*g + 84. Suppose -11*p + 6*p + 270 = 0. What is the highest common divisor of p and t?
18
Let z be (-3)/4 + (681811/52 - -12 - -2). What is the greatest common divisor of z and 84?
21
Let p(v) = 2*v**2 - 3*v**3 + 7*v + 5 + 4*v**3 + 2*v**2 - 6*v**2 + 2. Let r be p(0). What is the highest common divisor of 308 and r?
7
Suppose i - 7690 = 4*g, -170*i = -167*i - 5*g - 23014. What is the greatest common divisor of 42 and i?
14
Let x be 180/(-1440) + -58*6106/(-32). What is the highest common divisor of 17 and x?
17
Let t = -619 - -625. Let r be (t/18)/((-1)/(-828)). Let y be 2/(22/(-12) + 2). What is the highest common divisor of y and r?
12
Suppose 7*v = 9*v - 4. Suppose -v*a + f + 4 = -0, f = -3*a - 4. Suppose 2*s - 3*j = -a*s + 17, 2*s + 13 = -3*j. Calculate the highest common factor of 11 and s.
1
Let k(a) be the first derivative of -a**3/3 - a**2/2 + 44*a + 431. Suppose -6 - 8 = 2*q. Let d be k(q). Calculate the greatest common factor of 4 and d.
2
Let q be (-39)/3315*-11203 - (-18)/(-10). Calculate the greatest common divisor of q and 230.
10
Suppose 5*l - 4094 = -3*x + 4*x, 1633 = 2*l - 5*x. Calculate the greatest common divisor of 234 and l.
117
Let v be (-9)/(-2) + (-9)/6. Suppose 4*u - 2*u - v*y = 133, 0 = -2*u + 4*y + 136. What is the greatest common divisor of u and 217?
31
Let r = 713 - 689. Let n(o) = 6*o + 12. Let a be n(11). Calculate the greatest common divisor of r and a.
6
Let w = -14 - -48. Let o = w + -55. Let x be 3512/28 + 9/o. Calculate the greatest common divisor of x and 50.
25
Suppose -4*a - 17*a - 1512 = 0. Let s be a/3*(78/(-12) + 6). Calculate the highest common factor of s and 72.
12
Let v be (2/3)/((-1)/(-6)). Suppose -